se 0 = -3*s - 0*s + 18. Let q = s - -10. What is the highest common factor of 64 and q?
16
Let v(d) = -11*d - 11. Let f be 1 + (5 - 3) + -11. Let m be v(f). What is the greatest common factor of 7 and m?
7
Let x = 47 - -28. Calculate the highest common factor of 25 and x.
25
Let k = -30 + 16. Let b be 105/k*(-20)/6. Suppose -3*l = -6*l + 30. What is the highest common factor of b and l?
5
Suppose 5*x - 6*x = 5*l - 166, 0 = 2*l - 2*x - 76. What is the highest common factor of l and 374?
34
Suppose 0 = -4*a - 0*a + 4*b, 2*a - 12 = -b. Let x be 2/7 - 5/(-7). Let q = a - x. What is the greatest common factor of q and 18?
3
Suppose 0*t - 24 = -t. Suppose -2*x = -0*x - t. Let g(u) = -13*u**3 - 3*u**2 - 2*u. Let o be g(-2). Calculate the greatest common factor of x and o.
12
Let b(t) = -2*t - 13. Let o be b(-9). Let j = -3 + 8. Suppose j*v + o*a = 180, -v + 33 - 1 = 2*a. What is the highest common divisor of v and 10?
10
Suppose -3*w - 3*m + 269 = -142, 5*m - 10 = 0. What is the highest common factor of 15 and w?
15
Let f(o) = -5*o + 3. Let p be f(-3). Calculate the highest common divisor of p and 27.
9
Let x be 1/3*1*12. Suppose 0 = 3*p - x*q - 315, 105 = p - 2*q + 3*q. Calculate the highest common factor of p and 15.
15
Let m = -1 + 0. Let f be (5/(-1)*m)/1. Suppose 0*p - 36 = -2*i - f*p, -3*i - p + 28 = 0. Calculate the highest common factor of 48 and i.
8
Let c = -59 - -159. Calculate the highest common factor of c and 40.
20
Let y = -19 - -36. Suppose -a + 1 = -y. Suppose 0 = -4*q + 4*g + 176, 0*g = 5*q - 3*g - 222. What is the highest common divisor of q and a?
9
Let r(l) = 2*l + 24. Let v be r(-8). What is the greatest common divisor of v and 88?
8
Let f(g) = -3*g + 3 - 8 - 6*g - 7. Let p be f(-4). What is the greatest common factor of p and 120?
24
Suppose -2*d - b = 2*d - 44, -d + 3*b + 24 = 0. Let q = -7 + d. Suppose k = 20 + 20. Calculate the highest common divisor of k and q.
5
Let q be 6*3/(-6) + 99. What is the highest common divisor of 12 and q?
12
Let h(a) = 4*a + 21. Let g be h(0). Calculate the highest common factor of g and 189.
21
Let a = 5 - 2. Let m = a - -2. What is the highest common divisor of 40 and m?
5
Suppose 5*r + 4*b = 45, 3*r - b = -r + 36. Let s be ((-150)/9)/((-3)/r). What is the greatest common divisor of s and 10?
10
Suppose 2*k = -0*k + 4. Let r(z) = -4*z**3 - 2 + 7 - 10*z**k - 9*z + 3*z**3 + 0*z**2. Let u be r(-9). What is the greatest common divisor of u and 5?
5
Let h be 1 + -3 + 20 - -2. Let d(w) = 3*w + 38. Let i be d(-11). What is the highest common divisor of h and i?
5
Suppose -5*r + 1 = -19. Let b be 10/(-20) + 170/r. What is the greatest common divisor of b and 14?
14
Let p(r) = r + 4. Let q be p(6). Let c be 10/1*(-2 - -2 - -5). Calculate the highest common factor of c and q.
10
Suppose 0 = 4*i - 47 - 1. Suppose 0 = -2*z + 4*c + 42, -2*z - 2*c + c + 27 = 0. Let w be ((-26)/10 - -3)*z. Calculate the greatest common factor of i and w.
6
Let b = 74 + 16. Suppose -k = -0*k - 36. What is the greatest common divisor of k and b?
18
Suppose -2*i - 285 = -5*i. Suppose -4*f - 5*p = -0*p - i, 5*f - 103 = -p. Calculate the highest common factor of f and 30.
10
Let c(v) = -v**2 + 10*v + 3. Let b be c(11). Let u be ((-16)/3)/(b/12). Let o = u - 6. What is the highest common factor of 3 and o?
1
Let v = -6 + 8. Let b(g) = 5 - 5*g + g**2 + 4*g - 4. Let z be b(v). What is the greatest common factor of 27 and z?
3
Suppose q + 1 = -j, 4*q + 24 = -0*q + j. Let f be -3 - -1 - (-102 - q). Calculate the highest common divisor of f and 19.
19
Let u = 6 - 8. Let c = 0 + u. Let t be (-1 - c) + (2 - 1). What is the highest common factor of t and 2?
2
Suppose -9*k + 180 = -3*k. What is the highest common factor of 15 and k?
15
Suppose 61 = 3*g + 4. Let r = -4 - -8. Suppose -2*z - 38 = -r*z. Calculate the greatest common divisor of g and z.
19
Let j(t) = 7*t - 134. Let s(k) = -6*k + 133. Let w(n) = 5*j(n) + 6*s(n). Suppose 0 = -v + 2*v. Let g be w(v). Calculate the greatest common divisor of g and 16.
16
Let s = -11 + 17. Suppose -a - s = -3*a. Let q be 125/a + 1/3. What is the highest common factor of q and 6?
6
Suppose -392 = -2*c - 5*c. Calculate the greatest common divisor of c and 8.
8
Suppose 0 = -9*q - 6 + 33. What is the greatest common divisor of 27 and q?
3
Let m = 3 - 1. Suppose -m*h - 37 = -127. What is the highest common divisor of 5 and h?
5
Let i(g) = g**2 - 4*g - 2. Let d be i(6). Let x = -241 - -281. What is the highest common divisor of d and x?
10
Suppose 3*p + 5*y = 16, y + 2*y = -2*p + 10. Let j = p - 1. Let n = j + 2. What is the greatest common divisor of 2 and n?
1
Let j(k) = 2*k + 10. Let z be j(-8). Let r be (3/z)/(2/(-160)). Calculate the greatest common divisor of 10 and r.
10
Let m be (60/16)/((-2)/(-16)). Suppose 3*o - 110 = -2*o. Suppose -4*n - o + 70 = 0. Calculate the highest common divisor of m and n.
6
Let d(g) = g**3 - g**2 - g + 2. Let w be d(2). Let x be (-1946)/(-35) + w/10. What is the highest common factor of x and 7?
7
Let q(w) = w + 15. Let o be q(0). Suppose 0 = -r - 5*s - 19, -2*r + o = -3*r - 4*s. Suppose 33 = 5*t - 2*t. What is the highest common factor of r and t?
1
Let j(c) = 25*c**2 + 9*c + 1. Let v be j(2). What is the highest common factor of 17 and v?
17
Let j be 4/(-14) - (-1235)/35. What is the greatest common divisor of j and 14?
7
Suppose m = -0*m - 5*b + 1, 4*b = -5*m + 89. Suppose 0 = -5*u + 12 - 2. Let t = u + 1. Calculate the greatest common divisor of t and m.
3
Let n(r) = -r - 1. Let f be n(-5). Suppose 4*g - f = 336. Let o(q) = q**3 + 6*q**2 - 5*q + 4. Let y be o(-6). Calculate the greatest common factor of y and g.
17
Suppose -2*u + 27 = -5*b, u - 51 = -4*b - b. Let p = 814 + -528. Calculate the greatest common divisor of p and u.
26
Let m(g) = -11*g - 1. Let q be m(-2). Suppose -5*i + 4*z + 39 = 0, 0*z - 38 = -5*i + 3*z. What is the greatest common divisor of q and i?
7
Suppose 0 = 14*o + 49 - 427. Calculate the highest common divisor of o and 18.
9
Suppose 7*u = 2*u + 45. What is the highest common factor of u and 45?
9
Let j be 1*((-52)/(-2) - -3). What is the highest common factor of 87 and j?
29
Let p = -1 - -3. Suppose 2*l = -3*j + 63 + 9, -p*j + 3*l + 35 = 0. What is the highest common divisor of j and 2?
2
Let t be (3 - 1) + (13 - -1). Let r(z) = -z**2 + 2. Let h be r(1). Let q(j) = 4*j - 2. Let p be q(h). Calculate the greatest common divisor of t and p.
2
Let w be 75*((-24)/(-15))/4. What is the highest common factor of 15 and w?
15
Suppose -2*r = 3*r. Suppose h + 9 = 3*y, -3*y + h - 4*h + 9 = r. Suppose x = 5*o - 0*x - 27, -2*o + 3*x = -3. What is the highest common factor of y and o?
3
Let y = 28 - 9. Let l = y + 2. What is the highest common divisor of l and 7?
7
Let s be 7 + (2 - 4) - 1. Let x be -1*(-32 + -2 + s). What is the highest common divisor of x and 20?
10
Suppose -4*q + 12 = -20. Suppose -30 - 33 = 7*z. Let v = 13 + z. Calculate the greatest common divisor of q and v.
4
Let s = 13 - 8. Suppose 155 = 5*w - 5*c, -7*w + 3*w + s*c = -121. Calculate the greatest common factor of 85 and w.
17
Let z = 125 + -86. Calculate the greatest common divisor of z and 26.
13
Suppose -7*u + 3*u + 80 = 0. Suppose 3*w - 4*z + z = 555, 0 = w + 4*z - 160. What is the highest common factor of u and w?
20
Let c(q) = 9*q - 3 + 2 - q**2 + 9. Suppose 5*d - 30 = -5*h, -3*h = 4*d - 6*h - 38. Let r be c(d). Calculate the highest common factor of 4 and r.
4
Suppose -3*f = 2*f - 455. Suppose 3*g - 7 = 5. Suppose 13 = -3*k + g*k. What is the greatest common divisor of k and f?
13
Let m(q) = 2*q**3 - 9*q + 13. Let a be m(4). Let s = -60 + 90. Suppose -2*i = -0*i - s. What is the greatest common divisor of i and a?
15
Let g be (-45)/10*2/(-3). Suppose -5*c = g*y - 187 + 53, 3*y + 116 = 5*c. What is the highest common factor of 10 and c?
5
Let w be ((-20)/(-25))/((-3)/(-75)). What is the greatest common divisor of 50 and w?
10
Suppose 0 = 5*b - 3*m + 17, b + 5 = -m - 0. Let n = b + 6. Suppose -4*x = -9*x + 80. Calculate the greatest common divisor of x and n.
2
Let z = 237 - 138. Calculate the highest common factor of 11 and z.
11
Let w(v) = v**2 + 9*v + 19. Let o be w(-9). Let l = -8 - -15. Let z = o - l. Calculate the highest common divisor of z and 48.
12
Let m be (0 - -1